nder when 26 is divided by j.
8
Calculate the remainder when 124 is divided by 10 + -9 + (30 - -2).
25
Suppose 0*d = -3*d + 6. Suppose 0 = q - d*q + 20. What is the remainder when 38 is divided by q?
18
Suppose 13*q + 432 = 29*q. Calculate the remainder when q is divided by ((-5)/(-4))/(-1)*-12.
12
What is the remainder when 36 is divided by 243/24 + (-2)/32*2?
6
Let y(m) = -2*m - 6. Let q be y(-4). Suppose -4*f + 23 = 3*v - 44, -10 = -q*v. Calculate the remainder when 0 - 2*-1 - -36 is divided by f.
12
Suppose -r = -13 - 26. What is the remainder when r is divided by 22?
17
Let u(y) be the second derivative of -y**5/20 + y**4/12 - y**3/6 + 3*y**2 + y. What is the remainder when (2/2)/(5/85) is divided by u(0)?
5
Let h be 328/6*(-6)/4. Let d = h + 119. Let k(a) = a**2 + 4*a - 8. What is the remainder when d is divided by k(-7)?
11
Let x be (4/6)/(2/3). What is the remainder when 11 is divided by (0 - 1) + 5 - x?
2
Let j(b) = 3*b**2. Let f = 90 + -38. Calculate the remainder when f is divided by j(-3).
25
Suppose q = 2*q + 4, 4*z + 2*q - 72 = 0. Let o = 44 - 33. Calculate the remainder when z is divided by o.
9
Suppose 220 = x + 4*x. What is the remainder when x is divided by 23?
21
Suppose 0 = c + 40 - 136. Suppose o + 3*o = c. Calculate the remainder when o is divided by 13.
11
Let m(z) = -z - 3. Let p be (-1)/(-3) - (-21)/(-9). What is the remainder when m(-5) is divided by (0 - -3)*p/(-3)?
0
Let l = 6 + 12. Suppose 3*o - l = -3. Let c(d) = -11*d**3 - 4*d**2 - d + 1. Calculate the remainder when c(-1) is divided by o.
4
Let p(m) = -m**2 + 5*m - 1. Let q = -2 + 5. What is the remainder when 19 is divided by p(q)?
4
Suppose 0 = -8*p + 6*p + 14. What is the remainder when 11 is divided by p?
4
Suppose 4*c - 1 - 7 = 0. Calculate the remainder when c is divided by 1.
0
Let b be 85 + -1 + -2 + 2. Suppose 0 = 5*c - 2*c - b. Suppose -3*n + 24 = -6. Calculate the remainder when c is divided by n.
8
Let k(g) = g - 1. Let c be k(-5). Let p = c + 14. Calculate the remainder when 222/p + 2/8 is divided by 15.
13
Let h be 1/(0 - -3 - 4). Let j(y) = 6*y**2 - 2*y - 2. Suppose 3*z = -n + 66, -n = -z - 3*n + 27. Calculate the remainder when z is divided by j(h).
3
Let c(p) = 23 + p + p - 20 - 15. Let g be c(10). Suppose 0*z = -2*z + g. What is the remainder when 11 is divided by z?
3
Let m = -13 - -17. Calculate the remainder when m is divided by 4.
0
Let r be (-45)/(-10)*(-12)/(-27). Let x(u) = 2*u**3 - 2*u**2 - u + 1. Suppose b = -b + 26. What is the remainder when b is divided by x(r)?
6
Suppose -2*v - 18 = -t, 0 = 4*t - 2*t + 2*v - 42. Let p = 20 - 8. Calculate the remainder when t is divided by p.
8
Suppose 2*p - 168 = -4*f, 2*f - 6*f - 4*p + 160 = 0. What is the remainder when 131 is divided by f?
43
Let f(i) = -i**2 - 3*i + 6. Let o be f(4). Let b = 36 + o. Suppose 5*s - 2*n - 4 - 207 = 0, -4*s - 5*n = -149. What is the remainder when s is divided by b?
13
Suppose -4*o + 341 = 53. Calculate the remainder when o is divided by 15.
12
Suppose 4*c - 23 = 17. Suppose -5*x + 20 = -c. Suppose -n - j - 85 = -6*n, 5*n - 55 = -5*j. What is the remainder when n is divided by x?
4
Suppose -7 = -5*p + 48. Calculate the remainder when 32 is divided by p.
10
Suppose 125 = -0*m + 5*m. What is the remainder when 72 is divided by m?
22
What is the remainder when 37 is divided by (-2)/(-3 + 3 + (-10)/105)?
16
Suppose 3*f + 4*n - 70 = 0, -36 - 74 = -4*f + 3*n. Calculate the remainder when 100 is divided by f.
22
What is the remainder when 0/(-1) - (-12 - 9) is divided by 8?
5
Suppose -4 + 0 = -u. What is the remainder when 11 is divided by u?
3
Let v(u) = u**3 + 10*u**2 + 7*u - 7. What is the remainder when 44 - (0/(-1) - -1) is divided by v(-9)?
10
Let x(j) = 12*j - 19. What is the remainder when x(5) is divided by 7?
6
Let p(c) = 2 + 2*c - c**2 + 3*c**2 - c**2. Let i be p(-2). Suppose -i*o - 3*o + 125 = 0. Calculate the remainder when o is divided by 9.
7
Let w(d) = -d**2 - 9*d + 14. Let u(n) = 2*n**3 + n**2 + 2. Let g be u(-2). Calculate the remainder when 6 is divided by w(g).
2
Let h(f) = -f**2 - 21*f - 15. Suppose q = -0*q + 14. What is the remainder when h(-18) is divided by q?
11
Suppose 7*u - 4*s - 99 = 2*u, -4*u + 4*s = -76. What is the remainder when 43 is divided by u?
20
Let f = 3 - 0. Suppose -4*t = -h - 6, -5 = -f*t + 4*h - 3*h. Calculate the remainder when 1 is divided by t.
0
Suppose 5*z = -0*z + 40. Let u = 7 - 1. What is the remainder when u*1/(-2) + 25 is divided by z?
6
Let r(x) be the first derivative of x**2/2 + x - 1. Let a be r(3). Suppose 0*q + 56 = a*q. What is the remainder when q is divided by 5?
4
Let a be (-3)/12 - 219/(-12). Let s = a + -2. Suppose 94 = 4*k - 2*k. What is the remainder when k is divided by s?
15
Let d(u) = u**2 + u - 5. Calculate the remainder when d(6) is divided by 10.
7
Suppose 5*t = 2*r - 0*t - 26, -4*r + 2*t + 52 = 0. Let v = r - 6. What is the remainder when 27 is divided by v?
6
Let x be (-10)/(-2) - (0 + 2). Suppose -32 = -4*z + x*z. What is the remainder when z is divided by 11?
10
What is the remainder when 71 is divided by (-4)/(-26) + (-2088)/(-117)?
17
Let o be 25 + 3/(-6)*-2. Suppose w + y + y - o = 0, 4*w - 164 = 4*y. Let u(v) = -v**3 - v**2 - v + 19. Calculate the remainder when w is divided by u(0).
17
Let n(a) = -a - 11. What is the remainder when 17 is divided by n(-14)?
2
Let m(j) = j**2 - j - 1. Let w = 4 - 7. Let l be m(w). Calculate the remainder when 2/4*4*l is divided by 8.
6
Let h = 13 - 9. Suppose 5*u + h = 4*u. Let o(p) = -p**3 - p**2 + p + 3. What is the remainder when o(u) is divided by 16?
15
Let o(r) = 3*r**3 - 14*r**3 + 5 - r + 10*r**3 - 8*r**2. Calculate the remainder when 10*10/16*4 is divided by o(-8).
12
Suppose 47 + 0 = 2*c - 3*q, 5*c - 3*q = 104. Suppose -2*p + 4*a = 22 + 14, 16 = -p + 4*a. What is the remainder when c is divided by 2/6 + p/(-3)?
5
Let z be (-4)/((-26)/(-10) - 3). Suppose 0 = 2*r + z, 0*v - 2*v + 4*r = -44. What is the remainder when 20 is divided by v?
8
Let i = -5 + -7. What is the remainder when 8/(-6)*i - 0 is divided by 6?
4
Suppose u = -u - 5*o + 9, 0 = -u + 4*o - 2. What is the remainder when u/4*(111 + 3) is divided by 15?
12
Suppose -5*c - 4*j + 223 = 0, -5*c = -j - 2*j - 209. What is the remainder when c is divided by 7/(-2)*((-41)/(-7) + -9)?
10
Suppose 0 = -3*r + 122 - 32. Calculate the remainder when 88 is divided by r.
28
Let l = -1 - -3. Calculate the remainder when (1 - 35)/(l/(-2)) is divided by (8/5)/((-2)/(-15)).
10
Let a be 2/5 - 226/(-10). Suppose 2*h + 0*h - a = -3*m, m - 3 = 0. What is the remainder when 20 is divided by h?
6
Let j(s) be the first derivative of s**4/4 - s**3 + 2*s**2 - 3*s - 1. Calculate the remainder when (-14)/(-5) - (-1)/5 is divided by j(2).
0
Suppose 0 = -2*n - 2 + 12. Let v = n + 0. Suppose -v*z + 9 = -11. Calculate the remainder when 11 is divided by z.
3
Suppose -2*j + 4*h + 24 = 0, -3*j = h - 44 - 27. What is the remainder when j is divided by (112/(-98))/((-2)/14)?
6
Let p = 4 + 0. Calculate the remainder when -1 - (-2 - -5) - -11 is divided by p.
3
Suppose 7*v - 36 = 3*v. Calculate the remainder when 34 is divided by v.
7
Let r(p) = 2*p - 8. Let z(g) = -g**2 - 7*g + 9. Let x be z(-7). Calculate the remainder when r(x) is divided by 6.
4
Let i = -8 + 0. Let y = i - -14. What is the remainder when 10 is divided by y?
4
Suppose 2*x = -2*x - 276. Let p = x + 135. What is the remainder when p is divided by 17?
15
Suppose -40 = -4*j - 3*z - z, j + 4*z - 7 = 0. What is the remainder when 21 is divided by j?
10
Suppose 0 = -3*j + 6*j + 3. Calculate the remainder when 13 is divided by (-602)/(-84) + j/6.
6
Let z(a) = 2*a**2 - 14*a + 9. Calculate the remainder when 25 is divided by z(7).
7
Let w(c) = c**2 - 2. Suppose -3*z + 0 - 3 = 0. Let a be (-8)/8*3/z. What is the remainder when 13 is divided by w(a)?
6
Suppose 0 = -3*k + p - 2 - 19, -5*k - 35 = -p. Let n = 6 - k. What is the remainder when n is divided by 8?
5
Let m be 2*(2 + 2/(-4)). Suppose -5*n + 2*h + 26 = 0, -12 = -m*n + h + 3. Let w = 8 + 3. Calculate the remainder when w is divided by n.
3
Suppose 5*z + 4*u = 1 + 22, -4 = -2*z + u. Let h(k) = k + 1. Suppose 3 = 3*i - 15. Calculate the remainder when i is divided by h(z).
2
Suppose -12 = -f - 29. Let d = -10 - f.